{"id":1813,"date":"2021-12-19T21:42:09","date_gmt":"2021-12-19T21:42:09","guid":{"rendered":"http:\/\/gaertnerei-reitzenstein.de\/?page_id=1813"},"modified":"2021-12-19T21:49:13","modified_gmt":"2021-12-19T21:49:13","slug":"onlineshop","status":"publish","type":"page","link":"http:\/\/gaertnerei-reitzenstein.de\/?page_id=1813","title":{"rendered":"Onlineshop"},"content":{"rendered":"\n<p><strong>Liefergebiet<\/strong><\/p>\n\n\n\n<p>Wir liefern derzeit in einem Umkreis von ca. 15 km um Rimpar:<br>(Sollte euer Ort nicht auf der Liste sein, schreibt uns gerne eine Mail.)<br>Arnstein<br>Bergtheim<br>Eibelstadt<br>Eisingen<br>Erbshausen<br>Erlabrunn<br>Estenfeld<br>Gerbrunn<br>G\u00fcntersleben<br>Hausen<br>Hettstadt<br>H\u00f6chberg<br>Kist<br>K\u00fcrnach<br>Margetsh\u00f6chheim<br>Oberpleichfeld<br>Randersacker<br>Reichenberg<br>Rieden<br>Rimpar<br>Rottendorf<br>Sommerhausen<br>Th\u00fcngersheim<br>Unterpleichfeld<br>Veitsh\u00f6chheim<br>Waldb\u00fcttelbrunn<br>Winterhausen<br>W\u00fcrzburg<\/p>\n\n\n\n<p>Derzeit ist Donnerstag unser Liefertag. Der Bestellschluss ist Mittwoch 12:00 Uhr.<\/p>\n\n\n\n<p>Hier geht&#8217;s zum <strong><a href=\"https:\/\/oekobox-online.eu\/v3\/shop\/reizenstein\/std\/index.jsp?np=Warengruppen\/Gem%C3%BCse\">Shop<\/a><\/strong>!<\/p>\n","protected":false},"excerpt":{"rendered":"<p>Liefergebiet Wir liefern derzeit in einem Umkreis von ca. 15 km um Rimpar:(Sollte euer Ort nicht auf der Liste sein, schreibt uns gerne eine Mail.)ArnsteinBergtheimEibelstadtEisingenErbshausenErlabrunnEstenfeldGerbrunnG\u00fcnterslebenHausenHettstadtH\u00f6chbergKistK\u00fcrnachMargetsh\u00f6chheimOberpleichfeldRandersackerReichenbergRiedenRimparRottendorfSommerhausenTh\u00fcngersheimUnterpleichfeldVeitsh\u00f6chheimWaldb\u00fcttelbrunnWinterhausenW\u00fcrzburg Derzeit ist Donnerstag unser Liefertag. &#8230;<\/p>\n","protected":false},"author":1,"featured_media":0,"parent":0,"menu_order":0,"comment_status":"closed","ping_status":"closed","template":"","meta":[],"_links":{"self":[{"href":"http:\/\/gaertnerei-reitzenstein.de\/index.php?rest_route=\/wp\/v2\/pages\/1813"}],"collection":[{"href":"http:\/\/gaertnerei-reitzenstein.de\/index.php?rest_route=\/wp\/v2\/pages"}],"about":[{"href":"http:\/\/gaertnerei-reitzenstein.de\/index.php?rest_route=\/wp\/v2\/types\/page"}],"author":[{"embeddable":true,"href":"http:\/\/gaertnerei-reitzenstein.de\/index.php?rest_route=\/wp\/v2\/users\/1"}],"replies":[{"embeddable":true,"href":"http:\/\/gaertnerei-reitzenstein.de\/index.php?rest_route=%2Fwp%2Fv2%2Fcomments&post=1813"}],"version-history":[{"count":2,"href":"http:\/\/gaertnerei-reitzenstein.de\/index.php?rest_route=\/wp\/v2\/pages\/1813\/revisions"}],"predecessor-version":[{"id":1821,"href":"http:\/\/gaertnerei-reitzenstein.de\/index.php?rest_route=\/wp\/v2\/pages\/1813\/revisions\/1821"}],"wp:attachment":[{"href":"http:\/\/gaertnerei-reitzenstein.de\/index.php?rest_route=%2Fwp%2Fv2%2Fmedia&parent=1813"}],"curies":[{"name":"wp","href":"https:\/\/api.w.org\/{rel}","templated":true}]}}